ve q(h).
-3
Let u(r) = r. Let x = -36 - -35. Determine u(x).
-1
Let i(t) = t**2 + 6*t + 2. Let d be i(-6). Let g(p) = -7*p + 4*p - 4 + 0*p + d*p. What is g(5)?
-9
Suppose -2*q = -3*i + 11, -i + 2*q - 1 = -6. Let f(u) = 4*u - u**i - 12*u + 7*u - 3*u**2 - 2. Suppose -5*n = 3*c + 14, -4*n = -5*c + 2*c - 5. Give f(c).
1
Suppose 3*s - 2*s - 10 = 0. Suppose -s*l = -8*l. Suppose 35 = 5*u + 2*m, l = -2*u - u - m + 20. Let d(w) = -2*w + 7. What is d(u)?
-3
Let o(g) = -g - 15. Suppose 8 = 2*w, -6*d - 5*w = -2*d - 44. Suppose -d*s - s = 56. Calculate o(s).
-7
Let u(p) = -p + 9. Let r be u(9). Let o(y) = -y**2 + 6*y + 8. Let i(z) = -5*z**2 + 27*z + 31. Let l(k) = 2*i(k) - 9*o(k). Determine l(r).
-10
Let p = 1 - -2. Let w(m) = -10*m**2 + 16*m**2 - 7*m**2 - p*m. Calculate w(-3).
0
Let q(m) = 7*m + 12 - 7*m - 3 + 5*m - m**2. Determine q(7).
-5
Suppose -2*u - 2*u + 16 = 0. Suppose -6*i + u*i = -4. Let h(d) = 1 + d + 31*d**2 - i*d - 32*d**2. Determine h(0).
1
Let k be (-1)/2 - (462/28 - 11). Let a(j) be the third derivative of -j**5/120 - j**3/6 + 2*j**2. Let r(m) be the first derivative of a(m). Calculate r(k).
6
Let r(n) = n**2 - 18*n + 33. Let y be r(16). Let g(h) = 6*h**2 + 1. What is g(y)?
7
Let o(t) be the first derivative of -7 + t - 1/2*t**2. Let r(w) = 10*w - 6. Let c(q) = 6*o(q) + r(q). Determine c(-1).
-4
Let p(q) be the third derivative of q**4/12 + q**3/3 + 348*q**2. Determine p(3).
8
Let u(f) be the second derivative of -f**4/4 - f**3/2 - 2*f**2 + 2*f + 120. Give u(-3).
-22
Let u(r) = -r**3 + 7*r**2 - 4*r - 3. Suppose -150 = 27*j - 52*j. What is u(j)?
9
Let d(y) = y**2 - 12*y + 10. Let t be -7 + 4 + (-14)/(-7) - -11. Calculate d(t).
-10
Suppose -4*q = 15 + 1. Let b be q/(1 - (-3 - -6)). Let l(z) = -z**3 + 0 - 7 + 0*z**b + z**2. Give l(0).
-7
Let z(x) be the third derivative of x**4/24 + 7*x**3/6 + 144*x**2. What is z(-3)?
4
Let l(k) = -13*k - 10 + 14 - 2 + 10*k. Determine l(4).
-10
Let i = -24 - -25. Let b(s) = 1 - i + 2 - 6*s - 1. Give b(2).
-11
Let s = 14 - 14. Suppose s = 3*i + i - 44. Let l(k) = 0 + 5*k**2 - i*k - k**3 - 1 + 10*k. Calculate l(4).
11
Let m(h) = -30 - 5*h - 27 + 79 - 26 + h**2. Let u = 32 - 26. Determine m(u).
2
Let q be 14/18 + -1 - (-60)/270. Let s(b) = -1 - 4 + b - 2*b. Determine s(q).
-5
Suppose 0*m - 3 = 2*m + 3*i, 4*i - 18 = m. Let x(v) = -v**2 - 10*v - 30. Calculate x(m).
-6
Let s = -11 + 4. Let i = 9 + s. Let d(w) = i - 2*w**2 - 3*w**3 + 2*w + 2*w**3 + 0 - w**3. Calculate d(-2).
6
Let d(k) = k**3 - 4*k**2 + 12*k - 3. Let g(t) = -3*t**3 + 8*t**2 - 24*t + 12. Let p(b) = -5*d(b) - 2*g(b). Calculate p(-6).
-9
Let b(i) = -i**3 - 10*i**2 - 2*i + 6. Let f(y) = y**3 + 11*y**2 + 3*y - 7. Let z(u) = -4*b(u) - 3*f(u). Calculate z(-7).
4
Suppose 70*w - 100 = 50*w. Let q(n) = -2*n**2 + 14*n - 11. Calculate q(w).
9
Let u(v) = -3*v - 2 + v - 3*v. Suppose -2*c - 2*d + 12 = 0, -2*c + 5*d - 18 = -3*c. Suppose 6*t + 3 = n + t, 3*n + 9 = -c*t. Determine u(n).
8
Suppose 0 = -164*o + 174*o + 60. Let t(x) = -x**2 - 9*x - 5. Determine t(o).
13
Suppose -m + 66 = -2*k + 6*k, -4*m = k - 9. Let z = k + -12. Suppose -r - 20 = -z*r. Let s(p) = p**3 - 5*p**2 - 2*p. Give s(r).
-10
Let h(t) = t**2 + 10*t - 20. Let u be h(-12). Suppose -u*y = j + 13 + 6, 0 = -2*j + 4*y - 2. Let q(a) = a + 7. Give q(j).
0
Let k = -74 - -78. Suppose -2*y - 5*t = y - 1, 0 = k*y - 4*t + 52. Let v(z) = z**3 + 8*z**2 + 6. What is v(y)?
6
Let k(z) = 3*z**2 + 12*z - 7. Let d(v) = -2*v**2 - 8*v + 4. Let g(y) = -8*d(y) - 5*k(y). Calculate g(-1).
0
Let m(l) = -l**2 - 2*l - 1. Let q = 46 - 47. Give m(q).
0
Suppose 2*y + 10 = 0, o + 3*o = 3*y + 95. Suppose 0 = 2*k + 4*a + 8, -4*k - a + o = -5*a. Let u(x) = 2*x + x - 2*x - k - 1 + x**2. Determine u(-3).
3
Let h(n) be the first derivative of -n**4/4 - n**3/3 + n**2/2 - 728. Let q = -6 + 4. Give h(q).
2
Let n be 6 - -2 - (18 - -2). Let o(w) = -w**2 - 14*w - 16. What is o(n)?
8
Let r(d) be the second derivative of d**4/12 - d**3/6 + d**2 - 4*d + 12. Calculate r(-2).
8
Let l be 3*(1 + -2 - -2). Let f(o) = o**2 - 2*o - 13. Let z be f(-3). Let s(v) = 12*v + 5*v + 4 + z*v - 16*v. Calculate s(l).
13
Let w = 1160 + -1156. Let o(x) = x**2 - 2*x - 1. Give o(w).
7
Suppose -3*z + 0*u = 2*u + 329, 5*z = u - 544. Let v = z - -112. Let h(f) = f**3 - 4*f + 1. Calculate h(v).
16
Let l(z) be the third derivative of -z**6/120 - z**5/20 + 11*z**4/24 + 7*z**3/2 - 248*z**2. Give l(-4).
-7
Let v be (2 + -2 + 0)/(-3). Suppose 5*w - 7*w + 6 = v. Let m(r) = -r - 1. Let j(h) = 3*h + 8. Let x(a) = j(a) + 4*m(a). Determine x(w).
1
Let o(q) = -4*q**3 - 3*q + 9 - 27*q**2 - 3*q + 0*q + 3*q. Let u(g) = -3*g**3 - 18*g**2 - 2*g + 6. Let x(s) = -5*o(s) + 7*u(s). Give x(9).
6
Let l(c) = 8*c**3 - 2*c**2 - 2*c - 1. Let x = 192 - 193. Calculate l(x).
-9
Suppose -2*w - 89 = -91. Let n(f) = 40*f**2 + f. Give n(w).
41
Suppose -3*l = 3 - 9. Let i(t) = -t + 1. Let p(k) = 3*k**2 + 7*k - 8. Let w(z) = -5*i(z) - p(z). Determine w(l).
-13
Let v(j) be the third derivative of -j**6/120 + 13*j**5/60 - j**4/24 + 7*j**3/6 - 2*j**2 - 7. Calculate v(13).
-6
Let l = 74 - 79. Let w(a) = -2*a - 10. What is w(l)?
0
Let o = 11 - 17. Let b(g) = 1068 - 356 - 357 - 357 - 3*g. Determine b(o).
16
Let t = 22 - 20. Let o(f) = t - 3 - 3 + 15 + 2*f. Let z be o(-5). Let s(b) = -5*b**2 + b - 1. Determine s(z).
-5
Let t(j) be the third derivative of j**5/60 + j**4/4 - 5*j**3/3 + 467*j**2. Determine t(-7).
-3
Let a(v) = 3*v - 40. Let y be a(12). Let l be ((-164)/(-205))/(y/10). Let g(t) = -t**3 - 2*t**2 + 3*t + 3. Calculate g(l).
-3
Let z(o) be the second derivative of -3*o**5/20 - o**4/6 + o**2 - 138*o - 2. Determine z(-2).
18
Let x(n) = -n + 2. Suppose 4*j = 3*j. Suppose -4 = -6*b + 5*b. Suppose j = w + h + 3 + 3, -4*w = -b*h + 24. Determine x(w).
8
Let c(t) = -t**2 - 6*t - 1. Let a be c(-4). Let f(r) = -r**2 - 5*r - 10. Let x(v) = 4*v**2 + 15*v + 30. Let j(p) = 7*f(p) + 2*x(p). Calculate j(a).
4
Let s(z) = -10*z**2 - z. Suppose 3*n + 3*o = 12, 0 = -3*n - o - 76 + 82. Calculate s(n).
-11
Let s = 21 - 18. Let o(t) = -s*t + 37*t**2 + 41*t**2 - 2*t - 79*t**2. Determine o(-5).
0
Let y(a) = -a**3 - 6*a**2 + 2*a + 12. Suppose 5*j = 0, -4*j - 4 = -2*b - 16. Calculate y(b).
0
Let f(k) be the third derivative of k**6/120 - 2*k**5/15 + k**4/24 - k**3/3 - 5*k**2 - 16. Determine f(8).
6
Let u be (-92)/414 - 4/(-18). Let l(d) = -3 + 1 - d**2 - 1. Calculate l(u).
-3
Let k(w) be the second derivative of -32*w + 1/20*w**5 + 0 - 9/2*w**2 - 2/3*w**4 - 7/6*w**3. Give k(9).
9
Let n(p) = p**2 - 11*p - 32. Let r = -434 - -447. Determine n(r).
-6
Let j = -5 + -19. Let d be j/16*8/3. Let x(w) = 5*w + 5. What is x(d)?
-15
Let x(y) be the second derivative of -y**5/20 + 13*y**4/12 - 2*y**3 + y**2/2 - y + 176. What is x(12)?
1
Let o(i) = i**2 + 7. Let x be 3*-1 + (-3)/((-18)/60). Let r = -7 + x. Give o(r).
7
Let i(k) = k + 15. Let j be 18*(16/(-6) + 2 - 0). Let q be 2*(-3)/3 + j/(-6). Give i(q).
15
Let o(f) = -f. Suppose 0 = 4*v + 3*l - 29, -5*l + 8 + 7 = 0. Suppose d = v - 1. Let u = 4 - d. Determine o(u).
0
Let y(d) = d**2 - 6*d - 8. Suppose -4*i + 11*i = 154. Let z = i + -14. Calculate y(z).
8
Let n(m) = -m - 4. Let p(y) = -y + 23. Let b be p(18). What is n(b)?
-9
Suppose -5*m - 4*j + 2*j + 6 = 0, 2*m = 2*j + 8. Let r(y) = 3 + 8*y - m*y**2 + 0*y**3 + y**3 - 13*y. Calculate r(4).
15
Let u(m) = -3*m - 1. Let z(p) = p**2 + 7*p + 2. Let i(b) = 3*u(b) + z(b). Calculate i(-1).
2
Let k(i) be the third derivative of -i**6/120 - 2*i**5/15 - 5*i**4/12 - 11*i**3/6 - 254*i**2. What is k(-7)?
10
Let c(k) = 3*k**2 + 5*k - 1. Let p(w) = -w**2 + 9*w - 8. Let j be p(7). Let u(y) = -y**2 - y. Let f(g) = j*u(g) + c(g). Determine f(2).
-15
Let s(r) be the third derivative of -1/12*r**4 - 1/12*r**5 + r**3 - 1/120*r**6 - 5*r**2 + 0 + 0*r. Calculate s(-5).
16
Suppose 0 = -111*j + 121*j - 40. Let g(h) = -h - 5. Calculate g(j).
-9
Let w(n) = 5*n**2 - 15*n - 7. Let h(k) = 22*k**2 - 62*k - 28. Let z(u) = 2*h(u) - 9*w(u). What is z(11)?
7
Let q be (-2)/8 - (-13)/4. Let a(v) = 3*v**3 + 6*v**2 + 2*v - 8. Let p(s) = -4*s**3 - 6*s**2 - 3*s + 9. Let u(g) = q*a(g) + 2*p(g). What is u(-6)?
-6
Let t(v) = -6*v + 56. Let g be t(8). Let q(w) = -4*w - 13*w - 4 + g*w - w. Calculate q(3).
-34
Suppose -3*z = -5*j - 35, 4*j - j = -12. Let u(m) = m**2 - m. Let b(c) = 